4?
34
What is the greatest common divisor of 24 and 96468?
12
What is the greatest common divisor of 128 and 11068?
4
Calculate the highest common factor of 2664 and 1800.
72
Calculate the highest common factor of 962 and 14134.
74
Calculate the highest common divisor of 128 and 149696.
64
Calculate the highest common divisor of 27807478 and 34.
34
Calculate the greatest common divisor of 143 and 1986842.
143
What is the greatest common factor of 9 and 1389321?
9
What is the highest common factor of 1762285 and 245?
245
What is the highest common factor of 6432 and 201?
201
What is the greatest common factor of 2000 and 64600?
200
What is the highest common divisor of 2009 and 16441?
41
What is the greatest common factor of 260 and 336830?
130
Calculate the highest common factor of 9605 and 10.
5
What is the highest common divisor of 260 and 519220?
260
What is the highest common factor of 9571 and 7?
1
Calculate the highest common factor of 5123 and 14279.
109
What is the greatest common factor of 4508827 and 958?
479
Calculate the greatest common factor of 106554 and 86.
86
What is the highest common factor of 11481 and 1677?
129
Calculate the highest common divisor of 3576 and 16152.
24
What is the greatest common factor of 32037 and 2832?
177
Calculate the greatest common divisor of 15523618 and 22.
22
What is the greatest common divisor of 3808 and 210?
14
Calculate the greatest common factor of 176 and 6552.
8
What is the highest common factor of 44328 and 48?
24
What is the greatest common factor of 19969 and 722?
19
What is the greatest common divisor of 1512 and 6534?
54
Calculate the greatest common divisor of 112 and 23219.
7
What is the highest common divisor of 520 and 11544?
104
Calculate the highest common divisor of 275 and 4136.
11
Calculate the greatest common divisor of 2748 and 348.
12
What is the highest common factor of 78317 and 4?
1
What is the greatest common divisor of 34902 and 630?
126
What is the greatest common factor of 670 and 575?
5
Calculate the greatest common factor of 56752 and 96.
16
What is the greatest common factor of 1717 and 4233?
17
Calculate the greatest common factor of 138329 and 65807.
1343
Calculate the greatest common factor of 26 and 56121.
13
What is the highest common divisor of 5160318 and 282?
282
What is the greatest common factor of 600 and 84440?
40
Calculate the highest common divisor of 1284540 and 60.
60
Calculate the greatest common divisor of 1577397 and 609.
87
Calculate the greatest common factor of 21807 and 99.
9
Calculate the greatest common factor of 682 and 141020.
22
Calculate the highest common factor of 9444 and 96.
12
What is the greatest common divisor of 298309 and 6721?
517
Calculate the highest common factor of 12678 and 18.
6
What is the greatest common divisor of 2523 and 159790?
841
Calculate the highest common divisor of 24 and 4984064.
8
Calculate the greatest common factor of 39 and 31499.
13
What is the highest common divisor of 588 and 187719?
147
What is the greatest common divisor of 905 and 14661?
181
Calculate the highest common factor of 18378 and 306.
18
What is the greatest common factor of 1782 and 2046?
66
What is the highest common divisor of 11880 and 155?
5
Calculate the highest common factor of 28626 and 12636.
78
Calculate the greatest common divisor of 154174 and 157.
157
Calculate the greatest common divisor of 104958 and 1904.
238
Calculate the highest common factor of 50985 and 3.
3
Calculate the greatest common divisor of 88157 and 4430.
443
What is the greatest common divisor of 840 and 1107708?
84
What is the greatest common divisor of 406 and 1720802?
58
What is the highest common factor of 1098 and 9421938?
1098
What is the highest common divisor of 1580 and 3360?
20
What is the greatest common factor of 27621 and 132?
33
What is the greatest common factor of 15 and 7858?
1
Calculate the greatest common divisor of 148268 and 1212.
404
Calculate the greatest common divisor of 477 and 2880.
9
What is the highest common factor of 489795 and 60?
15
What is the highest common divisor of 17819 and 1211?
173
What is the highest common factor of 19888 and 1320?
88
Calculate the greatest common divisor of 2799 and 1555.
311
Calculate the greatest common factor of 277554 and 1108.
554
What is the highest common divisor of 892 and 391365?
223
Calculate the greatest common divisor of 33696 and 6864.
624
Calculate the highest common factor of 29 and 1103.
1
What is the greatest common factor of 40362 and 403?
31
Calculate the greatest common divisor of 12324 and 780.
156
Calculate the highest common factor of 832 and 2522.
26
Calculate the highest common divisor of 48983 and 638.
11
Calculate the highest common divisor of 624492 and 836.
836
Calculate the highest common divisor of 87 and 34560.
3
What is the greatest common divisor of 261188 and 3340?
668
What is the highest common divisor of 1101 and 24589?
367
What is the highest common factor of 1169 and 22879?
167
Calculate the highest common divisor of 90 and 194715.
45
What is the highest common factor of 105301 and 5488?
343
What is the greatest common factor of 420 and 37860?
60
What is the highest common divisor of 50 and 294850?
50
Calculate the greatest common divisor of 5625 and 345.
15
What is the highest common divisor of 163221 and 861?
123
What is the highest common divisor of 438 and 207101?
73
Calculate the greatest common divisor of 536217 and 11.
11
What is the highest common divisor of 575248 and 64?
16
What is the greatest common factor of 4035 and 150?
15
What is the greatest common divisor of 77 and 1793?
11
Calculate the highest common divisor of 377844 and 230.
46
What is the greatest common divisor of 448 and 222544?
112
What is the greatest common divisor of 16 and 14884?
4
What is the greatest common divisor of 156 and 15405?
39
Calculate the greatest common factor of 155 and 377735.
155
What is the greatest common factor of 618380 and 20?
20
Calculate the greatest common divisor of 198 and 683.
1
Calculate the greatest common factor of 7105 and 725.
145
Calculate the highest common divisor of 2660 and 2565.
95
What is the greatest common factor of 120 and 534960?
120
What is the greatest common factor of 1536444 and 980?
196
Calculate the greatest common divisor of 2320437 and 987.
987
What is the highest common factor of 756 and 2421?
9
Calculate the greatest common factor of 2424501 and 9.
9
Calculate the greatest common divisor of 3036 and 7314.
138
Calculate the highest common divisor of 641963 and 626.
313
Calculate the highest common divisor of 32109 and 165.
33
Calculate the highest common factor of 53884 and 76.
76
What is the highest common factor of 35 and 506765?
35
Calculate the highest common factor of 152066 and 4.
2
Calculate the highest common divisor of 889 and 329.
7
Calculate the highest common factor of 11449 and 67196.
107
What is the greatest common factor of 5 and 11555?
5
What is the highest common factor of 472 and 1768?
8
What is the greatest common divisor of 3419355 and 915?
915
What is the greatest common divisor of 436312 and 40?
8
What is the greatest common divisor of 634 and 1552349?
317
What is the greatest common factor of 1164 and 213788?
388
Calculate the highest common factor of 59105 and 305.
5
Calculate the highest common divisor of 360 and 784.
8
Calculate the highest common factor of 7047697 and 339.
113
What is the highest common divisor of 5952 and 3224?
248
What is the greatest common factor of 108489 and 1548?
129
Calculate the greatest common factor of 1221 and 1230546.
111
Calculate the highest common divisor of 691246 and 599.
599
Calculate the highest common divisor of 66 and 574914.
6
What is the greatest common factor of 107327 and 16853?
887
Calculate the greatest common factor of 372 and 448446.
186
Calculate the greatest common factor of 13359 and 15555.
183
What is the highest common factor of 37716 and 168?
84
What is the highest common factor of 306 and 163030?
34
Calculate the greatest common divisor of 190 and 1250.
10
What is the highest common factor of 30728 and 874?
46
What is the greatest common divisor of 1099176 and 156?
156
What is the highest common divisor of 3636 and 171296?
404
What is the grea